= -2*u + 6, -p = 2. What is the remainder when -2*5/(10/(-28)) is divided by u?
8
Let c(y) be the second derivative of y**4/2 - y**2/2 + y. What is the remainder when 13 is divided by c(1)?
3
Let f(c) = -c + 1. Let n be f(0). Suppose -j = n - 3. What is the remainder when 5 is divided by j?
1
Calculate the remainder when 124 is divided by (-51)/(-2) + 3/(-6).
24
Let o(r) = r**2 - 7*r - 11. Suppose 0 = -3*l + 16 + 11. What is the remainder when 19 is divided by o(l)?
5
Suppose -5*r = -3 - 22. Let p(c) = c**3 - 3*c**2. Let q = -40 - -66. Calculate the remainder when p(r) is divided by q.
24
Suppose 4*t - 45 + 5 = 0. Suppose 2*g + 6 = 30. Suppose -5*l = -g - 3. Calculate the remainder when t is divided by l.
1
Suppose 3*g + 1 = -n, 4*n - 2*g + 10 = 62. What is the remainder when n is divided by 6?
5
Suppose -j + 3*d + 20 = -10, -4*d - 104 = -4*j. Suppose w - 23 = 2*h, -3*w = -8*w + 2*h + 131. Let z = w + -18. Calculate the remainder when j is divided by z.
6
Suppose 0 = 2*v + 3*v - 40. What is the remainder when 47 is divided by v?
7
Let p = -14 - -25. What is the remainder when 11/p*59*1 is divided by 15?
14
Let p = 87 + -81. What is the remainder when 8 is divided by p?
2
Let i = 0 + -6. Suppose 0 = q + 3*q - 12. Calculate the remainder when 15 is divided by i/((-9)/q)*2.
3
Let d(c) = -c**2 - 12*c - 7. Let v = 18 + -25. Let w be d(v). Suppose 2*q - w = q. What is the remainder when q is divided by 15?
13
Let g(q) = -q**3 - q + 60. Let k be g(0). Suppose -3*p - 15 = -v, -4*v + 4*p = p - k. Calculate the remainder when v is divided by 6.
3
Suppose 0 = k + k + 94. Let q = -24 - k. Calculate the remainder when q is divided by 8.
7
Let t = 18 - 4. Suppose -t = -0*u - 2*u. What is the remainder when 13 is divided by u?
6
Let c(u) = -u - u**2 + 0*u**2 + 0*u + 7*u. Let g be c(5). Suppose -2*y + g*y = 51. Calculate the remainder when y is divided by 6.
5
Let f(t) = -3*t - 18. Let n be f(-12). Let c = n - 12. Calculate the remainder when 35 is divided by c.
5
Let y be 2/2 + 0/2. Let q be (0 - y)*1 + 17. Let t = q - 7. What is the remainder when t is divided by 5?
4
Suppose 4*l - w - 33 = 0, 1 - 6 = -l - 3*w. What is the remainder when 30 is divided by l?
6
Suppose -3*m - 5*z = -m - 29, -3*m + 4*z + 55 = 0. Calculate the remainder when 28 is divided by m.
11
Suppose -1 = -4*l - 3*n + 10, 15 = 5*l + 4*n. Let x = 4 + -1. What is the remainder when l*4/2*-2 is divided by x?
1
What is the remainder when 74 is divided by 51/2 - (7 + (-52)/8)?
24
Suppose -4 = 2*y, -3*p = y - 6*y + 62. Let x = p - -44. Calculate the remainder when 39 is divided by x.
19
Let r(y) = y**3 + 4*y**2 - 4*y - 4. Let k be r(-4). Calculate the remainder when ((-93)/k)/(2/(-8)) is divided by 11.
9
Suppose 3*t = 4*t - 23. Suppose -1 - 1 = 2*r. What is the remainder when 45 is divided by -2*r/2*t?
22
What is the remainder when (18/(-15))/(1/(-45)) is divided by 15?
9
Let o(g) = 2*g**2 - 3*g - 5. Suppose 88 = 5*p + 43. What is the remainder when o(4) is divided by p?
6
Let q(t) = t**3 - t**2 + 1. Let i be q(0). Let c = 1 + i. Suppose c*m - 9 = -m. Calculate the remainder when 9 is divided by m.
0
Suppose 13 + 1 = -h + 4*n, 3*n - 24 = 3*h. Let a(k) = k**3 + 5*k**2 - 7*k + 4. What is the remainder when 38 is divided by a(h)?
8
Suppose -4*q - 273 = -5*i, 0 = 3*i + 3*q - 72 - 108. Calculate the remainder when i is divided by 15.
12
Suppose -17 = 4*r - 5*r. Let b be (-2 - -2)/(1 + 0). Suppose b = p - r - 21. Calculate the remainder when p is divided by 13.
12
Let b be 4 - ((4 - -18) + -3). What is the remainder when ((-156)/15)/(6/b) is divided by 7?
5
Let a(s) = s**2 - s - 3. Let o = 0 - 4. Calculate the remainder when (3 + (-51 - 1))/(-1) is divided by a(o).
15
Let c = -12 - -41. Suppose 4*v = z + 33, z + c - 4 = 3*v. Calculate the remainder when 23 is divided by v.
7
Calculate the remainder when 8 is divided by ((-14)/(-4) + -3)*8.
0
Let a be 20*(-2)/((-12)/9). Let v = a - 5. Calculate the remainder when v is divided by (-2)/5 - (-134)/10.
12
Let x = 221 + -112. Calculate the remainder when x is divided by 14.
11
Suppose 0 = 4*b - f - 69, 3*b - 76 = 2*f - 23. Calculate the remainder when 66 is divided by b.
15
Let t(x) = 0 + 6*x**2 + 2 - 2*x + 3*x. Calculate the remainder when 47 is divided by t(-2).
23
Let p(a) = 1. Let w(r) = -r - 6. Let y(u) = 4*p(u) + w(u). Calculate the remainder when y(-11) is divided by 5 + -1 + (0 - -1).
4
Suppose 9*w - 33 = -6. What is the remainder when 9 is divided by w?
0
Let m(c) = -c**3 - 5*c**2 - c + 4. Let o = 10 + 1. Let b = -16 + o. What is the remainder when 26 is divided by m(b)?
8
Suppose 0*d - 3*d = -30. Calculate the remainder when 38 is divided by d.
8
Suppose -44 - 4 = -4*f. Let a(u) = -8*u - 3. Calculate the remainder when a(-6) is divided by f.
9
Suppose 2*i = -3*v + v + 16, -20 = -4*v. Calculate the remainder when 9 is divided by i.
0
Suppose -2*h - 9 = -5*f, -f + 15 = -0*f + 4*h. Suppose -f*i + 29 = -4. Calculate the remainder when 43 is divided by i.
10
Suppose 0 = 4*y + 1 - 41. Let i = 6 - 9. Let v(f) = f**2 + 3*f + 3. What is the remainder when y is divided by v(i)?
1
Let u = 8 - 3. Suppose 4*n - 4*k = -0*n, 5*n = -4*k + 36. Calculate the remainder when u is divided by n.
1
Let i(t) = t**2 - 6*t + 2. Suppose -j = 2*s + 3, 3*s - 2*s - 9 = -2*j. What is the remainder when 16 is divided by i(j)?
7
Calculate the remainder when (-10)/45 + (-1030)/(-18) is divided by 15.
12
Let n(g) = 9*g + 2. Suppose -5*k + 12 = -c - 0*c, 0 = -2*c + 4*k - 6. What is the remainder when 57 is divided by n(c)?
28
Suppose -3*l - 43 + 214 = 0. What is the remainder when l is divided by 10?
7
Let s = -8 - -39. Let y be 0/(2*2/(-4)). Suppose y = 2*b + 6 - 28. What is the remainder when s is divided by b?
9
Let u be (-15)/(-2)*2/3. Suppose 0 = -3*h + u*y + 106, 2*y - 60 = -2*h - 0*y. Suppose 0*s + 3*s = 33. Calculate the remainder when h is divided by s.
10
Let a(y) = -2*y - 4 - 3*y + 0. What is the remainder when a(-4) is divided by (30/(-45))/(2/(-18))?
4
Let p(h) = h**3 - 13*h**2 - 14*h + 21. Suppose -3*j + 44 = -142. Calculate the remainder when j is divided by p(14).
20
Let w = 34 + 1. Let o = 15 + w. Suppose 3*y - 2*y = 17. Calculate the remainder when o is divided by y.
16
Let u(d) be the first derivative of -d**3/3 + 5*d**2 - 3. What is the remainder when 25 is divided by u(9)?
7
Suppose 4 - 28 = -4*t. Let g = -46 + 52. Calculate the remainder when 63/t + (-2)/(-4) is divided by g.
5
Let b = -15 + 21. Let y be (-7)/(2*(-2)/4). Suppose -v + 0*r - 2*r = -y, -3*v + 3*r + 39 = 0. Calculate the remainder when v is divided by b.
5
Suppose -q - 3*q + 112 = 0. Calculate the remainder when 39 is divided by (q/3)/(2/3).
11
Let s(v) = -v + 14. Let d be s(0). Let h = d - 10. Suppose -h*k = -4*o + 20, -3 = -o + k + k. Calculate the remainder when 12 is divided by o.
5
Suppose f + 15 = w + 3, 2*f = 4. Let o = -151 + 178. What is the remainder when o is divided by w?
13
Let g(p) = -4*p**3 - p - 1. Let m be g(-1). Suppose m*a + 0*a = 4. Calculate the remainder when 38 is divided by (26/(-2))/(-2 + a).
12
Let b(g) = -g. Let i be b(-14). Let l = 10 + i. What is the remainder when l is divided by 13?
11
Let f = -9 - -15. Let b(d) = -d - 3. Let w be b(-6). Suppose 0 = 3*k - o - 37, -w*k + 52 - 11 = -2*o. Calculate the remainder when k is divided by f.
5
Let r(n) = -n**3 - 8*n**2 + 8*n - 9. Let f be r(-9). Suppose f = -2*v + v + 37. Calculate the remainder when v is divided by 13.
11
Let t(c) = c**3 + 9*c**2 + 9*c + 10. Let d be t(-8). Let x(l) = 3*l + d*l**2 + 4 + 0*l**2 - 6. Calculate the remainder when 12 is divided by x(-3).
5
Let n(t) = t**3 - 6*t**2 + 6*t + 5. Let y be n(5). Let h = y + -5. Suppose 21 = h*q + 3*i - 26, -q = 5*i - 27. Calculate the remainder when 19 is divided by q.
5
Let l(v) = 3*v**3 - 3*v**2 - 3*v. Suppose -21 + 101 = 5*n. What is the remainder when l(3) is divided by n?
13
Let u be -6*(-9)/(27/(-6)). Suppose -m + 49 = 3*d, -2*m - 25 + 119 = 2*d. Let y = m + u. Calculate the remainder when y is divided by 12.
10
Calculate the remainder when 1/6 + 1041/18 is divided by 15.
13
Let w = 107 - 105. Suppose 0 = 3*q + 2*q - 75. What is the remainder when 6/q - 46/(-10) is divided by w?
1
Let b be 0 + -1 - (1 - 50). Let j(f) = f**3 + 3*f**2 - 6*f - 5. Let k be j(-4)